6?
-6008e
What is 181cd0 (base 14) in base 16?
cf9fe
What is -410232321 (base 5) in base 10?
-1649086
What is 311002233223 (base 4) in base 8?
65025753
Convert 5d8c49 (base 15) to base 6.
240042453
Convert 11a285 (base 14) to base 13.
182011
What is 8d87 (base 15) in base 11?
20640
4a742 (base 11) to base 8
216077
16a9d5 (base 15) to base 4
10030111130
What is 332025 (base 7) in base 14?
17385
Convert 100111001000000010 (base 2) to base 9.
263744
-3311104 (base 6) to base 12
-7b494
314b8 (base 14) to base 9
201133
Convert 1101212321 (base 4) to base 13.
b91b9
-598449 (base 11) to base 15
-13ae3e
What is -1695e (base 16) in base 13?
-33152
914154 (base 11) to base 12
5aa570
40313341 (base 6) to base 3
2011011211221
-5105414 (base 6) to base 14
-64426
34133 (base 16) to base 9
354528
Convert 213b55 (base 14) to base 9.
2103504
What is 7821a (base 12) in base 15?
322e1
What is 5b9f1 (base 16) in base 12?
161215
Convert -28280552 (base 9) to base 3.
-222022200121202
What is -321275 (base 12) in base 15?
-109168
What is 1212101121 (base 3) in base 13?
1394b
What is -11110001100110001 (base 2) in base 6?
-2352401
507530 (base 8) to base 10
167768
Convert 1bb4 (base 14) to base 15.
1773
What is -45f7 (base 16) in base 10?
-17911
6a5635 (base 11) to base 15
171d5a
Convert 925218 (base 10) to base 13.
265188
What is 627263 (base 8) in base 11?
132773
What is -446664 (base 7) in base 14?
-20c34
What is -4322b (base 14) in base 13?
-58b69
-10234558 (base 9) to base 10
-4924124
What is -11000011100100111010 (base 2) in base 5?
-201113312
Convert -4734618 (base 10) to base 3.
-22220112200020
Convert -622286 (base 11) to base 5.
-223423321
-27656376 (base 8) to base 3
-102202112000100
What is 524111 (base 15) in base 4?
32323002322
What is 287305 (base 14) in base 10?
1402777
Convert 467453 (base 15) to base 5.
1330201403
What is -47b50 (base 13) in base 8?
-400733
What is 423007 (base 8) in base 10?
140807
Convert -24b9b72 (base 12) to base 15.
-97710e
4636b (base 12) to base 9
152632
What is -4132230 (base 5) in base 12?
-332b3
Convert -223dd (base 15) to base 4.
-122211103
Convert -11a97 (base 11) to base 5.
-1023123
10010001001010111101010 (base 2) to base 15
63e715
What is c3a8c (base 13) in base 16?
55b99
What is 228427 (base 9) in base 15?
2aaa1
Convert 57411 (base 9) to base 13.
14539
5542703 (base 10) to base 7
65053325
Convert 11101111110010000010100 (base 2) to base 10.
7857172
Convert 21022122002 (base 3) to base 11.
99277
-1451556 (base 7) to base 16
-30387
What is 3558a (base 13) in base 7?
554425
Convert 2d8dea (base 15) to base 7.
24521314
Convert 1122200122012 (base 3) to base 4.
3112300112
What is 52d0 (base 15) in base 14?
6556
Convert 30dbe2 (base 15) to base 3.
11101002212112
Convert 33222333 (base 5) to base 10.
289093
1474267 (base 12) to base 8
17611557
-2d7db (base 14) to base 16
-1bd95
What is -3333022113 (base 4) in base 11?
-654260
Convert 15835a (base 12) to base 10.
366838
What is -10111341 (base 5) in base 14?
-21cc0
What is -10a0852 (base 11) in base 10?
-1918996
What is -4320501 (base 6) in base 16?
-33ef5
34aa70 (base 15) to base 12
a14536
What is 31c7a1 (base 14) in base 5?
412430304
What is 133344212 (base 6) in base 16?
290750
Convert -2178583 (base 11) to base 3.
-21011222022120
What is 83678 (base 13) in base 16?
39aa0
Convert -120110212 (base 4) to base 11.
-68936
Convert -3212110021 (base 4) to base 8.
-3462411
What is 9b53d (base 14) in base 7?
3130006
2a58b4 (base 12) to base 13
1c0564
What is 1bc21b (base 13) in base 10?
712190
What is -3051707 (base 8) in base 16?
-c53c7
What is 20413333 (base 9) in base 16?
95b4d3
What is -380126 (base 13) in base 10?
-1342568
Convert 100010110001111001101 (base 2) to base 14.
219485
What is 12a196 (base 11) in base 4?
301301131
Convert 100000100010101111100 (base 2) to base 15.
160e5e
What is 4ac51e (base 15) in base 7?
42322034
What is -6eb0 (base 16) in base 8?
-67260
What is -64085 (base 15) in base 4?
-1031132333
c8410 (base 13) to base 6
11423141
Convert -350624 (base 11) to base 8.
-2100066
Convert -102101201212 (base 3) to base 11.
-143605
Convert -407619 (base 11) to base 4.
-2133232323
5835732 (base 9) to base 12
1080b55
Convert -366110 (base 15) to base 10.
-2602365
Convert 16808 (base 16) to base 11.
6327a
-86416 (base 10) to base 2
-10101000110010000
3021425 (base 6) to base 10
142937
-10000110110000110010110 (base 2) to base 16
-436196
-3eec (base 15) to base 6
-142253
What is 102022100200201 (base 3) in base 7?
102041656
Convert -34341302 (base 5) to base 12.
-12a960
Convert 8a7508 (base 15) to base 6.
353331212
-4402034 (base 5) to base 14
-1d605
What is d8a4 (base 14) in base 5?
2144014
What is -12d30b (base 15) in base 11?
-569097
11011010100000011 (base 2) to base 7
644111
14a75 (base 14) to base 4
30203333
2003010110 (base 4) to base 15
a9102
What is 2b9e60 (base 15) in base 14?
3cc960
-100783 (base 12) to base 2
-111101000001010011
124144021 (base 5) to base 16
96457
-5cee9 (base 16) to base 12
-164349
What is 12221111012 (base 3) in base 8?
344404
-96665d (base 16) to base 6
-551132233
-333323 (base 5) to base 13
-5440
-2306530 (base 8) to base 5
-130013013
What is 24442653 (base 7) in base 15?
2d57dc
What is -675386 (base 10) in base 7?
-5512025
2480312 (base 9) to base 6
44550232
Convert -c86c5b (base 13) to base 7.
-54641361
What is -147b1 (base 15) in base 5?
-4101431
Convert -287512 (base 13) to base 7.
-11251315
What is 1c4ca (base 16) in base 7?
661641
4443152 (base 8) to base 15
189cee
What is -156a8 (base 11) in base 4?
-11121330
Convert 3a4525 (base 11) to base 12.
26793b
What is 202012211100201 (base 3) in base 9?
22184321
21560561 (base 7) to base 3
10111200012012
112130322 (base 4) to base 16
1673a
What is -235440 (base 9) in base 2?
-100010100111011010
What is -111311300 (base 4) in base 11?
-61234
-15201871 (base 10) to base 9
-31540037
6614414 (base 7) to base 14
171644
Convert -10333a7 (base 12) to base 4.
-23221211233
-1210131222 (base 5) to base 2
-1010101111111010010111
18682 (base 13) to base 5
3003012
58252 (base 12) to base 11
80600
18872 (base 9) to base 16
3332
110001101100001111 (base 2) to base 8
615417
What is -101022001001201 (base 3) in base 12?
-19bb061
Convert -21122021122012 (base 3) to base 11.
-23235a0
Convert -113000331001 (base 4) to base 15.
-7e2947
What is -1361a (base 15) in base 7?
-346060
What is 11417536 (base 8) in base 13?
696256
What is 22044410 (base 5) in base 9?
320413
Convert 8459a (base 12) to base 6.
3415514
-3e043 (base 16) to base 11
-163937
675706 (base 9) to base 4
1202233113
What is 40431 (base 5) in base 12?
1620
458834 (base 12) to base 8
4177650
What is 145372 (base 8) in base 12?
260a2
Convert -206352 (base 8) to base 9.
-114381
-7ce87 (base 15) to base 13
-10c2c1
22020020012 (base 3) to base 8
474325
Convert 174bc3 (base 15) to base 12.
465a70
What is 213100032223 (base 4) in base 15?
d83db1
Convert -6167537 (base 8) to base 12.
-669827
19b003 (base 14) to base 16
df15b
Convert -42a38 (base 11) to base 13.
-2258c
Convert 1100111011101001 (base 2) to base 4.
30323221
Convert -5b65b (base 12) to base 5.
-12423443
-3315136 (base 7) to base 12
-177a34
54763412 (base 8) to base 13
259a5b0
1613344 (base 8) to base 5
104331422
What is -85382 (base 12) in base 3?
-22220010122
Convert -23420311 (base 5) to base 6.
-4352232
12547221 (base 8) to base 5
1204233033
What is d3b38 (base 14) in base 9?
856335
Convert 1012233234 (base 5) to base 2.
111111001101000011101
Convert 377561 (base 9) to base 14.
5d473
10443043 (base 5) to base 15
1ca9d
-3636577 (base 8) to base 15
-14ae08
Convert -52155405 (base 6) to base 2.
-101110000010001111101
What is -5b911d (base 14) in base 4?
-23331301213
What is 43c1b7 (base 14) in base 13?
626a5c
-6362631 (base 9) to base 5
-1333012011
Convert 11122201222201 (base 3) to base 11.
1440512
What is 40100123 (base 7) in base 12?
1138145
What is 2001131 (base 6) in base 11?
64346
What is -645254 (base 8) in base 5?
-23400344
-314404 (base 12) to base 6
-24334404
-8c92 (base 16) to base 8
-106222
Convert -200110010012 (base 3) to base 10.
-363128
What is 6455454 (base 7) in base 8?
3001205
96b797 (base 12) to base 14
460b63
1011001011111 (base 2) to base 16
165f
Convert 5550027